{"id":49,"date":"2022-09-26T18:30:52","date_gmt":"2022-09-26T16:30:52","guid":{"rendered":"http:\/\/feuerwehr-ebersgoens.de\/wordpress\/?page_id=49"},"modified":"2026-04-08T13:26:59","modified_gmt":"2026-04-08T11:26:59","slug":"kontakt","status":"publish","type":"page","link":"https:\/\/feuerwehr-ebersgoens.de\/wordpress\/?page_id=49","title":{"rendered":"Kontakt"},"content":{"rendered":"\n<h4 class=\"wp-block-heading\"><\/h4>\n\n\n\n<p><strong>Einsatzabteilung:<\/strong><br>Wehrf\u00fchrer<br>J\u00f6rg Wagner<br>Oberkleener Stra\u00dfe 8<br>35510 Butzbach \u2013 Ebersg\u00f6ns<br><a href=\"mailto: wehrfuehrung@feuerwehr-ebersgoens.de\" data-type=\"mailto\" data-id=\"mailto: wehrfuehrung@feuerwehr-ebersgoens.de\">E-Mail an die Wehrf\u00fchrung<\/a><\/p>\n\n\n\n<p><br><strong>Jugendfeuerwehr:<\/strong><br>Jugendwartin<br>Laura Z\u00f6rb<br>Zum Wei\u00dfen Stein 46<br>35510 Butzbach \u2013 Ebersg\u00f6ns<br><a href=\"mailto:jugendwart@feuerwehr-ebersgoens.de\" data-type=\"mailto\" data-id=\"mailto:jugendwart@feuerwehr-ebersgoens.de\">E-Mail an die Jugendwartin<\/a><\/p>\n\n\n\n<p><br><strong>Minifeuerwehr:<\/strong><br>N.N.<\/p>\n\n\n\n<p><br><strong>Ehren- &amp; Altersabteilung:<\/strong><br>Sprecher<br>Franz Weigel<br>Am Wingert 19<br>35510 Butzbach \u2013 Ebersg\u00f6ns<br><a href=\"mailto: ehrenabteilung@feuerwehr-ebersgoens.de\" data-type=\"mailto\" data-id=\"mailto: ehrenabteilung@feuerwehr-ebersgoens.de\">E-Mail an die Ehrenabteilung<\/a><\/p>\n\n\n\n<p><br><strong>F\u00f6rderverein der Feuerwehr Ebersg\u00f6ns e.V.:<br><\/strong>Vorsitzender<br>Alexander C. Wei\u00df<br>Zum Wei\u00dfen Stein 8<br><a href=\"mailto:vorsitzender@feuerwehr-ebersgoens.de\" data-type=\"mailto\" data-id=\"mailto:vorsitzender@feuerwehr-ebersgoens.de\">E-Mail an den Vorsitzenden<\/a><\/p>\n","protected":false},"excerpt":{"rendered":"<p>Einsatzabteilung:Wehrf\u00fchrerJ\u00f6rg WagnerOberkleener Stra\u00dfe 835510 Butzbach \u2013 Ebersg\u00f6nsE-Mail an die Wehrf\u00fchrung Jugendfeuerwehr:JugendwartinLaura Z\u00f6rbZum Wei\u00dfen Stein 4635510 Butzbach \u2013 Ebersg\u00f6nsE-Mail an die Jugendwartin Minifeuerwehr:N.N. Ehren- &amp; Altersabteilung:SprecherFranz WeigelAm Wingert 1935510 Butzbach \u2013 Ebersg\u00f6nsE-Mail an die Ehrenabteilung F\u00f6rderverein der Feuerwehr Ebersg\u00f6ns e.V.:VorsitzenderAlexander C. Wei\u00dfZum Wei\u00dfen Stein 8E-Mail an den Vorsitzenden<\/p>\n","protected":false},"author":2,"featured_media":0,"parent":0,"menu_order":0,"comment_status":"closed","ping_status":"closed","template":"","meta":{"footnotes":""},"class_list":["post-49","page","type-page","status-publish","hentry"],"_links":{"self":[{"href":"https:\/\/feuerwehr-ebersgoens.de\/wordpress\/index.php?rest_route=\/wp\/v2\/pages\/49","targetHints":{"allow":["GET"]}}],"collection":[{"href":"https:\/\/feuerwehr-ebersgoens.de\/wordpress\/index.php?rest_route=\/wp\/v2\/pages"}],"about":[{"href":"https:\/\/feuerwehr-ebersgoens.de\/wordpress\/index.php?rest_route=\/wp\/v2\/types\/page"}],"author":[{"embeddable":true,"href":"https:\/\/feuerwehr-ebersgoens.de\/wordpress\/index.php?rest_route=\/wp\/v2\/users\/2"}],"replies":[{"embeddable":true,"href":"https:\/\/feuerwehr-ebersgoens.de\/wordpress\/index.php?rest_route=%2Fwp%2Fv2%2Fcomments&post=49"}],"version-history":[{"count":7,"href":"https:\/\/feuerwehr-ebersgoens.de\/wordpress\/index.php?rest_route=\/wp\/v2\/pages\/49\/revisions"}],"predecessor-version":[{"id":602,"href":"https:\/\/feuerwehr-ebersgoens.de\/wordpress\/index.php?rest_route=\/wp\/v2\/pages\/49\/revisions\/602"}],"wp:attachment":[{"href":"https:\/\/feuerwehr-ebersgoens.de\/wordpress\/index.php?rest_route=%2Fwp%2Fv2%2Fmedia&parent=49"}],"curies":[{"name":"wp","href":"https:\/\/api.w.org\/{rel}","templated":true}]}}

<h4 class="wp-block-heading"></h4>



<p><strong>Einsatzabteilung:</strong><br>Wehrführer<br>Jörg Wagner<br>Oberkleener Straße 8<br>35510 Butzbach – Ebersgöns<br><a href="mailto: wehrfuehrung@feuerwehr-ebersgoens.de" data-type="mailto" data-id="mailto: wehrfuehrung@feuerwehr-ebersgoens.de">E-Mail an die Wehrführung</a></p>



<p><br><strong>Jugendfeuerwehr:</strong><br>Jugendwartin<br>Laura Zörb<br>Zum Weißen Stein 46<br>35510 Butzbach – Ebersgöns<br><a href="mailto:jugendwart@feuerwehr-ebersgoens.de" data-type="mailto" data-id="mailto:jugendwart@feuerwehr-ebersgoens.de">E-Mail an die Jugendwartin</a></p>



<p><br><strong>Minifeuerwehr:</strong><br>N.N.</p>



<p><br><strong>Ehren- &amp; Altersabteilung:</strong><br>Sprecher<br>Franz Weigel<br>Am Wingert 19<br>35510 Butzbach – Ebersgöns<br><a href="mailto: ehrenabteilung@feuerwehr-ebersgoens.de" data-type="mailto" data-id="mailto: ehrenabteilung@feuerwehr-ebersgoens.de">E-Mail an die Ehrenabteilung</a></p>



<p><br><strong>Förderverein der Feuerwehr Ebersgöns e.V.:<br></strong>Vorsitzender<br>Alexander C. Weiß<br>Zum Weißen Stein 8<br><a href="mailto:vorsitzender@feuerwehr-ebersgoens.de" data-type="mailto" data-id="mailto:vorsitzender@feuerwehr-ebersgoens.de">E-Mail an den Vorsitzenden</a></p>

<p>Einsatzabteilung:WehrführerJörg WagnerOberkleener Straße 835510 Butzbach – EbersgönsE-Mail an die Wehrführung Jugendfeuerwehr:JugendwartinLaura ZörbZum Weißen Stein 4635510 Butzbach – EbersgönsE-Mail an die Jugendwartin Minifeuerwehr:N.N. Ehren- &amp; Altersabteilung:SprecherFranz WeigelAm Wingert 1935510 Butzbach – EbersgönsE-Mail an die Ehrenabteilung Förderverein der Feuerwehr Ebersgöns e.V.:VorsitzenderAlexander C. WeißZum Weißen Stein 8E-Mail an den Vorsitzenden</p>
